{"id":21,"date":"2018-12-23T10:36:46","date_gmt":"2018-12-23T09:36:46","guid":{"rendered":"https:\/\/www.madomotic.fr\/?page_id=21"},"modified":"2023-03-13T08:04:21","modified_gmt":"2023-03-13T07:04:21","slug":"accueil","status":"publish","type":"page","link":"https:\/\/www.madomotic.fr\/","title":{"rendered":"Accueil"},"content":{"rendered":"\n<h2 class=\"has-text-align-center wp-block-heading\">Concepteur &#8211; Int\u00e9grateur &#8211; Installateur<\/h2>\n\n\n\n<p><\/p>\n\n\n\n<p> MaDomotic est partenaire de Connected Object, une solution domotique qui propose la box eedomus et des p\u00e9riph\u00e9riques compatibles Z-Wave, EnOcean, 433MHz, IP, UPnP, Google Home, Echo Dot Alexa, &#8230;<\/p>\n\n\n\n<figure class=\"wp-block-image\"><a href=\"https:\/\/www.eedomus.com\/fr\/\" target=\"_blank\" rel=\"noreferrer noopener\"><img decoding=\"async\" width=\"170\" height=\"36\" src=\"https:\/\/i0.wp.com\/www.madomotic.fr\/wp-content\/uploads\/2018\/12\/eedomus.png?resize=170%2C36&#038;ssl=1\" alt=\"eedomus\" class=\"wp-image-19\" data-recalc-dims=\"1\"\/><\/a><\/figure>\n\n\n\n<p><\/p>\n\n\n\n<p><\/p>\n\n\n\n<p><strong>Derni\u00e8res actualit\u00e9s :<\/strong><\/p>\n\n\n\n<p><strong><a href=\"https:\/\/www.madomotic.fr\/index.php\/2021\/08\/22\/nouvelle-gamme-des-voyants-lumineux-light-alarm-lam\/\" data-type=\"post\" data-id=\"5704\">Nouvelle gamme des voyants lumineux Light AlarM (LAM)<\/a><\/strong> versions WiFi et LoRa le 22\/08\/2021<\/p>\n\n\n\n<p>Nouveau produit, le  <strong><a href=\"https:\/\/www.madomotic.fr\/index.php\/produit\/kit-diy-rac2-radiation-counter-v2\/\">Kit DIY RAC2 \u2013 RAdiation Counter v2<\/a><\/strong> le 09\/09\/2019<\/p>\n\n\n\n<p><\/p>\n","protected":false},"excerpt":{"rendered":"<p>Concepteur &#8211; Int\u00e9grateur &#8211; Installateur MaDomotic est partenaire de Connected Object, une solution domotique qui propose la box eedomus et des p\u00e9riph\u00e9riques compatibles Z-Wave, EnOcean, 433MHz, IP, UPnP, Google Home, Echo Dot Alexa, &#8230; Derni\u00e8res actualit\u00e9s : Nouvelle gamme des voyants lumineux Light AlarM (LAM) versions WiFi et LoRa le 22\/08\/2021 Nouveau produit, le Kit [&hellip;]<\/p>\n","protected":false},"author":1,"featured_media":0,"parent":0,"menu_order":0,"comment_status":"closed","ping_status":"closed","template":"","meta":{"footnotes":""},"jetpack_sharing_enabled":true,"jetpack-related-posts":[],"_links":{"self":[{"href":"https:\/\/www.madomotic.fr\/index.php\/wp-json\/wp\/v2\/pages\/21"}],"collection":[{"href":"https:\/\/www.madomotic.fr\/index.php\/wp-json\/wp\/v2\/pages"}],"about":[{"href":"https:\/\/www.madomotic.fr\/index.php\/wp-json\/wp\/v2\/types\/page"}],"author":[{"embeddable":true,"href":"https:\/\/www.madomotic.fr\/index.php\/wp-json\/wp\/v2\/users\/1"}],"replies":[{"embeddable":true,"href":"https:\/\/www.madomotic.fr\/index.php\/wp-json\/wp\/v2\/comments?post=21"}],"version-history":[{"count":30,"href":"https:\/\/www.madomotic.fr\/index.php\/wp-json\/wp\/v2\/pages\/21\/revisions"}],"predecessor-version":[{"id":5970,"href":"https:\/\/www.madomotic.fr\/index.php\/wp-json\/wp\/v2\/pages\/21\/revisions\/5970"}],"wp:attachment":[{"href":"https:\/\/www.madomotic.fr\/index.php\/wp-json\/wp\/v2\/media?parent=21"}],"curies":[{"name":"wp","href":"https:\/\/api.w.org\/{rel}","templated":true}]}}